ppose -2*b + 100 = -4*k, h = 3*b - 2*k + 3*k - 115. Let m(g) = -3*g**3 - 2*g**2 - 2. What is the remainder when b is divided by m(-2)?
12
Suppose -11*u = -12*u + 13. What is the remainder when 37 is divided by u?
11
Let a(r) = -33*r + 55. What is the remainder when a(-6) is divided by 51?
49
Let s = -56 - -38. What is the remainder when 1/(0 + 1/21) is divided by (-388)/(-36) + (-4)/s?
10
Suppose 4*x - 13 = 4*j + 3, 4*x - 56 = -4*j. Calculate the remainder when ((-26)/(-4))/(2/8) is divided by x.
8
Let c = -7 - -41. Calculate the remainder when c is divided by 9.
7
Suppose 2*b = -b - 18. What is the remainder when (-86)/8*-2*2 is divided by b/15 - (-154)/10?
13
Let z(u) = -4*u + u + 2*u - 1. Let o be z(-2). What is the remainder when (o - -2)*(-111)/(-9) is divided by 10?
7
Let x = -35 - -92. Suppose 77 = 6*h - h - v, 3*h - x = -3*v. Let k = 4 + 26. What is the remainder when k is divided by h?
14
Suppose 4*y = 3*a + 204, -8*y + 204 = -4*y - 4*a. Let u = -36 + y. What is the remainder when 43 is divided by u?
13
Let r = -19 - -86. Calculate the remainder when r is divided by 23.
21
Suppose -4*u + 9*u - 5*f + 110 = 0, -5*f + 58 = -3*u. Let n = u - -39. Suppose 3*j + n = 58. What is the remainder when j is divided by 8?
7
Suppose 2*f - a - 21 = -f, 4*f - 3*a = 23. Let b = 6 + -3. Suppose -5*n - 29 = -b*j - f, -5*j + 4*n = -22. What is the remainder when 4 is divided by j?
0
Let w be ((-2 - -1) + 1)/2. Suppose w = 2*x - 3*x + 19. What is the remainder when x is divided by 10?
9
Suppose 2*w - 4*w + 64 = 0. Suppose -w = -2*f - 0*f. Let n = -16 - -22. What is the remainder when f is divided by n?
4
Let h = 8 - -50. Suppose -12*d - 2*d = -280. What is the remainder when h is divided by d?
18
Suppose 4*v - 176 = -36. Let z = 21 + -9. What is the remainder when v is divided by z?
11
Suppose 6*o - 2*o + 220 = 0. Let g = -22 - o. Calculate the remainder when g is divided by 1650/99 + -2*(-2)/12.
16
Suppose -2*a - 2*k - 18 = 0, a + 27 = -3*a - k. Calculate the remainder when (-2 - 38)/(4/a) is divided by 21.
18
Let z(u) = -4 - 7 + 6 - u - 11. Let g be z(-8). Let c = g + 36. What is the remainder when c is divided by 15?
13
Let l = 47 + -28. Suppose p - l = -4. Calculate the remainder when p is divided by 8.
7
Suppose 2*p + 1 = 11. Let j(f) = f**3 - 4*f**2 + 2*f - 6. Let l be j(4). Suppose l*u + 48 = p*u. Calculate the remainder when u is divided by 9.
7
Let b = -124 + 176. What is the remainder when b is divided by 14?
10
What is the remainder when (-446)/(-18) + (-2)/(-9) is divided by (12/9)/(-4)*-27?
7
Suppose 2*v + 78 = w, -272 - 91 = -5*w + v. Suppose 4*m - s - 2 - w = 0, -m + 4*s = -26. Calculate the remainder when 51 is divided by m.
15
Let h be 2 + -4 - 2*-3. Let o(v) = -22*v + 1. Calculate the remainder when o(-1) is divided by (-1)/h - 33/(-4).
7
Let g(d) = -2*d**3 - 4*d**2 - 3*d - 6. What is the remainder when g(-3) is divided by 11?
10
Suppose -3 = -5*m + 2*o, -3*m - 4*o = -6*m + 13. Suppose -c - 2*r - 9 = -0*r, -5*r - 22 = 3*c. Calculate the remainder when c is divided by (m + 0)*1*-1.
0
Let q(w) = -w**3 - w**2 + 17. Let d be (3 - 5) + (-4)/(-2). Calculate the remainder when 67 is divided by q(d).
16
Let h(k) = 19*k**2 - k - 1. Suppose 0 = -3*f - 2*o - 5, 2*o - 3*o - 1 = 0. What is the remainder when 73 is divided by h(f)?
16
Let v be (2/6)/(3/9). Suppose v = -2*x + 27. Calculate the remainder when 36 is divided by x.
10
Let p be -1 + (-2 - (-2 - 0)). Calculate the remainder when 2*(2 + 4 + p) is divided by 4.
2
Let z = 25 + -20. Calculate the remainder when 27 is divided by z.
2
Let s = 61 + -92. Let l = -18 - s. What is the remainder when 36 is divided by l?
10
Suppose 3*d - 55 = 2*d. Calculate the remainder when d is divided by 14.
13
Suppose -s + 1 = i - 4, 3*i + 5 = s. Suppose 4*z - 72 = 3*l, -5*z - 4*l + 90 = -5*l. What is the remainder when z is divided by s?
3
Let c(m) = 6*m. Calculate the remainder when 21 is divided by c(2).
9
Let r = 29 + -16. Calculate the remainder when 75 is divided by r.
10
Suppose -5*w + 538 + 57 = 0. Calculate the remainder when w is divided by 30.
29
Let i = 8 + -43. Let a be (-16)/5 + (-7)/i. Calculate the remainder when 2 is divided by 1 + (-2 - a*1).
0
Suppose 2*l + 2*i - 23 = -l, -18 = -2*l - 4*i. What is the remainder when 18 is divided by l?
4
Let r(l) = 12*l - 1. Suppose 3*w + 5 = 5*k - 23, k = 5*w + 10. Let f(j) = -j**2 + 6*j + 1. What is the remainder when r(1) is divided by f(k)?
5
Let h = 31 - 43. Calculate the remainder when 32 is divided by ((-51)/h)/(1/4).
15
Let o(r) = r**3 - 2*r**2 - 3*r + 1. Let u be ((-1)/(-3))/(3/36). What is the remainder when o(u) is divided by 11?
10
Suppose -p + 0 = -22. Let v(q) = -q**2 + 8*q. Calculate the remainder when p is divided by v(6).
10
Suppose -14 + 34 = 2*g. Calculate the remainder when g is divided by 6.
4
What is the remainder when 133 is divided by (1 - -16)*32/16?
31
Let u(m) = 3*m**2 - 6*m + 12. Let b be 10/(-15) - (-17)/3. Calculate the remainder when u(b) is divided by 20.
17
Let d be 10/(-1*2) - -1. Calculate the remainder when (-101)/d - 2/8 is divided by 9.
7
Suppose 4*b = 5*w + 65, 41 - 6 = 3*b - w. Calculate the remainder when 39 is divided by b.
9
Suppose 2*q = 36 + 62. Calculate the remainder when q is divided by 17.
15
Let d(z) = -8*z - 44. Calculate the remainder when d(-7) is divided by 5.
2
Suppose 0 = -5*v - o + 3, -2*v - 5*o + 4 = 12. Let r = -77 - -79. What is the remainder when r is divided by v?
0
Let u(p) = -4*p - 1 + 0*p + 5*p. Let f be u(5). Suppose 5*o - 2*d - 236 = 0, -f*d - 104 = -2*o - 0*d. What is the remainder when o is divided by 16?
14
Suppose -3*r - 4*f = -2*r - 37, -3*f = 2*r - 94. Let h = r + -13. What is the remainder when h is divided by 21?
19
Suppose -j + 2*j = 35. Calculate the remainder when j is divided by 12.
11
Let z = 3 - 0. Suppose -3 - 36 = -z*i. What is the remainder when 24 is divided by i?
11
Let o = 812 + -501. Suppose -5*a + o = 2*s, 75 = 3*a - s - 105. What is the remainder when a is divided by 21?
19
Suppose t - 5*f = 69, -2*f + 405 = 5*t + 3*f. Calculate the remainder when t is divided by 42.
37
Let x = 25 - 15. Calculate the remainder when x is divided by 4.
2
Let d = 13 - 1. What is the remainder when d is divided by (-4)/(-10) + (-33)/(-5)?
5
Suppose -u - 2 = -2*u. Suppose 0 = -u*m - 3*l + 23, 5*l - 2 = m - 7. What is the remainder when m is divided by 6?
4
Suppose 9*n = 7*n + 124. What is the remainder when n is divided by 32?
30
Let y be (-1 - -2) + -16 + 1. Let s = 47 + y. Calculate the remainder when s is divided by 9.
6
Calculate the remainder when 47 is divided by ((-8)/(-3))/((-3)/(-18)).
15
Suppose 0 = s - k - 7 - 12, s + 3*k - 35 = 0. What is the remainder when s is divided by 5?
3
Suppose 3*h = 2*s + 3*s + 61, 4*s + 44 = 2*h. Let a(w) = -w**2 - 4*w + 5. Calculate the remainder when h is divided by a(-4).
2
Let p be ((-17)/(-2))/((-6)/(-12)). Let r = p - 9. What is the remainder when (-595)/(-20) - 2/(-8) is divided by r?
6
Suppose 3*i = -5*o - 2*i - 35, 2*i - 6 = 0. Let c = o - -20. Suppose 6*d + 106 = 4*a + 4*d, 4*a + 4*d = 136. What is the remainder when a is divided by c?
9
Suppose 2*r + 46 = 4*r. Calculate the remainder when r is divided by 6/(15/(-12) - -2).
7
Suppose 0 = -2*s + d + 21, 4*s - 2*d = -s + 50. Calculate the remainder when s is divided by 1*3 + 1 + -1.
2
Let t = -1 - -6. Suppose -6 = -t*n + 9. Suppose -3*c = -9, -2*d + 140 = n*d + 5*c. Calculate the remainder when d is divided by 7.
4
Let m(l) = -l**2 + 5. Suppose -n - 3*n = 0. Let i be m(n). Suppose -9 = -i*a + 16. Calculate the remainder when 9 is divided by a.
4
Suppose 18 = 2*g - 12. Suppose -4*d + 5*d + 5*w - 151 = 0, 2*d + 2*w - 278 = 0. Suppose -4*s = -d + 20. What is the remainder when s is divided by g?
14
Let v = -24 + 76. What is the remainder when v is divided by 14?
10
Let n(k) = -k**3 - 8*k**2 - 14*k - 7. Suppose 3*g - 6*g + 10 = -4*l, g - 5*l - 18 = 0. Calculate the remainder when 13 - (g + 2)/(-1) is divided by n(-6).
3
Let k = -66 - -112. Calculate the remainder when k is divided by 4/(-1) - ((-6 - -2) + -12).
10
Suppose 2*j + 5*w - 71 = -0*j, -3*j = 5*w - 109. Let a(q) = 4*q**2 - q - 1. What is the remainder when j is divided by a(2)?
12
Let w(u) = 5*u**3 - 3*u**2 - 1. Let o(q) = -10*q**3 + 5*q**2